ose 41 = s - 3*l, r*l + 57 = 2*s - 19. What is the remainder when s is divided by 12?
11
Suppose -n + 15 = -10. Let k(w) = 23*w**2 + 5*w - 4. Calculate the remainder when k(2) is divided by n.
23
Let u = -44 - -18. Let m = u + 45. What is the remainder when m - (-3)/(-6)*-2 is divided by 7?
6
Let o(m) = m**3 - 3*m**2 + 3. Let y be o(3). Let v(s) = y + 4 + s - 2. What is the remainder when 4 is divided by v(-3)?
0
Suppose a = -4*i + 249, -5*i = 2*a - 212 - 97. Suppose 4*h = 3 + 37. Suppose -3*p = -3*o - i, 2*o + h = -0*o. Calculate the remainder when 31 is divided by p.
15
Let w(x) = -19*x - 5. What is the remainder when w(-5) is divided by 19?
14
Suppose -2*z = -5*d + 94, -d + 3 = 3*z - 9. Suppose -5*b - 102 = -2*w, 0*w - 5*w + 5*b + 255 = 0. What is the remainder when w is divided by d?
15
Suppose 0 = -2*b - b + 30. Let d = 25 - b. What is the remainder when 29 is divided by d?
14
Let s = 19 + 33. What is the remainder when s is divided by 11?
8
Let q(a) = -14*a - 8. Let t(m) = -5*m - 3. Let k(w) = 6*q(w) - 17*t(w). What is the remainder when 17 is divided by k(6)?
8
Let y(a) = 15*a - 4. Let k(d) = -16*d + 4. Let w(g) = -6*k(g) - 7*y(g). Calculate the remainder when w(-5) is divided by (1 - 16 - 2)/(-1).
15
Let t be 1/3 - (-1)/(-3). Suppose t*s = 5*x - s, 0 = -x + 2*s. Let k = x - -3. Calculate the remainder when k is divided by 2.
1
Let l(d) = 6*d - 13. Let y(a) = 9*a - 19. Let m(s) = 7*l(s) - 5*y(s). Let x be m(-7). Suppose 8*o - x = 3*o. Calculate the remainder when 13 is divided by o.
3
Let k(l) = -l**3 + 9*l**2 + l - 4. Let p be k(8). Let y = p - 24. What is the remainder when y is divided by 15?
14
Suppose 5*o + 3*b - 154 = 0, b - 7 + 41 = o. Suppose 4*n - 207 = -75. Suppose -2*s = s - n. What is the remainder when o is divided by s?
10
Suppose x + 38 = -0*x - 5*c, -x - 83 = -4*c. Let g = 137 + x. What is the remainder when g is divided by 19?
17
Suppose 3*v - 107 = -2*g, 4*g - 6*g = -8. What is the remainder when v is divided by 18?
15
Let f(s) = -s**3 - 4*s**2 + 5*s + 1. Let k be f(-6). Let c = -21 + k. Calculate the remainder when 63 is divided by c.
19
Calculate the remainder when 73/2 - (-3)/6 is divided by 20.
17
Suppose 0 = 3*w + 2*g - 22, -w - 2*w + 21 = 3*g. Calculate the remainder when 62 is divided by w.
6
Suppose -76*u - 366 = -79*u. Calculate the remainder when u is divided by 18.
14
Let q = 12 + -21. Let r be (-904)/(-18) + 2/q. Let v = -27 + r. Calculate the remainder when v is divided by 12.
11
Let k = 26 + -17. Calculate the remainder when 25 is divided by k.
7
Let v = 86 + -38. Suppose -4*u + 0*u + v = -3*a, 0 = -5*a - 20. What is the remainder when 33 is divided by u?
6
Suppose -h - 1 + 3 = 0. What is the remainder when (4 - -20) + 0/h is divided by 9?
6
Suppose -75 = -3*d - 2*q, d - 3*q = 11 + 3. Let g = -8 + d. What is the remainder when 59 is divided by g?
14
Suppose 18 = 3*r + m, r + 5*m - 2 = -10. Suppose 7*h = 2*h + 20. What is the remainder when r is divided by h?
3
Let g = 36 - 8. Calculate the remainder when 54 is divided by g.
26
Let i = -6 + 16. Let t = 23 + -19. What is the remainder when i is divided by t?
2
Suppose 2*t - 241 + 207 = 0. Calculate the remainder when 50 is divided by t.
16
Suppose m - 8 = -3*m, -2*d + 228 = 3*m. Calculate the remainder when d is divided by 28.
27
Suppose 0 = -3*o + 9 - 0. Let d(n) = n**2 - 3*n + 2. Let v be d(o). What is the remainder when (v/(-5))/((-1)/55) is divided by 12?
10
Let o = -8 - -12. Suppose 1 = c - 2. What is the remainder when o is divided by c?
1
Let v(o) = 2*o**2 + o - 1. Let x be v(-2). Suppose -53 = -x*d + 4*k, -3*d - k + 17 = -25. What is the remainder when 23 is divided by d?
10
Suppose -5*h + 5*k - k - 5 = 0, -10 = 2*k. Let l = -34 - -22. Let s = h - l. Calculate the remainder when 20 is divided by s.
6
Let g = 68 + -19. Calculate the remainder when g is divided by 13.
10
Let d be 13 + (3 - (3 - -1)). What is the remainder when 8/d + (-320)/(-6) is divided by 14?
12
Let i = 3 + 10. What is the remainder when i is divided by 5?
3
Let c(j) = j**2 + j + 33. What is the remainder when 65 is divided by c(0)?
32
Let q = -3 - -13. Calculate the remainder when q is divided by (-16)/(-6)*15/10.
2
Suppose v + 20 = -3*z, 0 = 5*v - z - 0*z + 20. Let y = v + 9. Suppose h - 22 = -h + 2*w, -48 = -y*h + 2*w. What is the remainder when 37 is divided by h?
11
Let g(o) = -o + 4. Let b be g(0). Suppose 0 + 1 = c + b*k, -5*k = 5. What is the remainder when 11*(c + (1 - 4)) is divided by 12?
10
Let t(l) = -l + 151*l**2 - 151*l**2 - 4*l**3. Suppose 0 = -3*h + 2*a - 0*a, 5*h + 2*a + 16 = 0. Calculate the remainder when t(h) is divided by 9.
7
Suppose 7 = 3*c - 23. Let b = 7 + 10. Calculate the remainder when b is divided by c.
7
Suppose x = 3*f + 2, -15 = -5*x - 5*f + 15. What is the remainder when 13 is divided by x?
3
Suppose -4*r - 37 = 5*x, 0*x - 3*x = -2*r - 13. Let u = r - 0. Let m(d) = -d**3 - 7*d**2 + 7*d - 5. Calculate the remainder when 7 is divided by m(u).
1
Let n(y) = y**2 + 4*y - 5. Let f be n(-13). Let h = f + -45. Let x = -33 + h. What is the remainder when x is divided by 12?
10
Suppose 0 = -3*z - z + 124. Let r(y) = y**2 + 14*y + 16. What is the remainder when z is divided by r(-14)?
15
Let t be ((-94)/(-4))/(3/6). Suppose 18 = 5*a - t. Calculate the remainder when a is divided by 5.
3
Suppose 0 = -9*j + 114 + 48. Calculate the remainder when 6*(-1)/((-6)/70) is divided by j.
16
Let o(q) = 8*q - 4. What is the remainder when 37 is divided by o(3)?
17
What is the remainder when 114 is divided by (5/3)/(11/198)?
24
Suppose -5*s = -2*r - 12, -4*s - s = 3*r - 7. Let j = r + 1. Suppose -d = -j*d - 65. Calculate the remainder when d is divided by 22.
21
Let y(m) = m**3 + 8*m**2 + 12*m + 9. Suppose 2*k = 3*k - 33. Calculate the remainder when k is divided by y(-6).
6
Let j(a) = -6*a + 8. What is the remainder when j(-8) is divided by 15?
11
Suppose 5*h - 2*i - 54 = 0, h + 3*i - 11 - 10 = 0. What is the remainder when 37 is divided by h + 2 + 4/(-4)?
11
Let g be (-1 - -15) + (-3 - 0). Let v = g - 9. What is the remainder when 5 is divided by v?
1
Calculate the remainder when 31 is divided by -28*1*6/(-21).
7
Suppose -3 - 49 = -4*a. Calculate the remainder when 36 is divided by a.
10
Suppose 0 = 4*y + 2*q - 3*q - 54, 2*y - 20 = -3*q. Let i(w) = 10*w**2 - 2*w + 1. Let m be 14/6 - 2/6. Calculate the remainder when i(m) is divided by y.
11
Let b = -8 - -11. Suppose 138 = 4*f - 3*o, -5*f + 88 = b*o - 71. Calculate the remainder when f is divided by 9.
6
Suppose 0 = 5*o + 5, -8*o - 13 = -4*f - 3*o. Suppose 0*g = f*g - 16. Calculate the remainder when g is divided by 16/(-56) - 23/(-7).
2
Suppose 0 = 8*a - 9*a + 214. Calculate the remainder when a is divided by 43.
42
Let x = -1 + 2. Let k(d) = 5*d**2. What is the remainder when k(-1) is divided by (2 - x)/((-2)/(-4))?
1
Let p = 14 - 7. Suppose 5*i = -20, 68 = p*l - 3*l - 3*i. Let g = 26 - l. What is the remainder when 46 is divided by g?
10
Suppose 0 = -3*g - 0*g - n + 108, -g - 4*n + 47 = 0. What is the remainder when (14/g)/(1/95) is divided by 20?
18
Suppose -5*b + 73 = 53. What is the remainder when 54 is divided by b?
2
Let m = 41 - 14. Suppose -p + 14 = -0*p. Calculate the remainder when m is divided by p.
13
Let o be (45/18)/((-1)/2). Suppose -6 = 3*t - 48. Calculate the remainder when t is divided by (o/(-4))/(6/24).
4
Let j(c) = -c**3 + 21*c**2 + 2*c - 6. Calculate the remainder when 179 is divided by j(21).
35
Suppose -21 = -4*w - x, 0*x - 6 = w - 2*x. What is the remainder when 10/2 - (1 - 3) is divided by w?
3
Let k(p) = p**2 - 5*p + 2. Let f be k(5). Suppose 0*w = f*w - 26. Calculate the remainder when w is divided by 5.
3
Let a = 98 - 88. What is the remainder when 37 is divided by a?
7
Let n = 4 - 4. Suppose 4*d = -n*d + 28. Suppose -2*a - 35 = -d*a. What is the remainder when 20 is divided by a?
6
Suppose 0 = -0*a - 3*a + 24. Let r(m) = m**2 - m + 1. Let w be r(1). Calculate the remainder when a is divided by -1*-1*3/w.
2
Suppose 3*k - 27 = -5*a, 3*a - 33 = 3*k - 6*k. What is the remainder when 67 is divided by k?
11
Let l(v) = v**2 + 23*v + 74. What is the remainder when 117 is divided by l(-21)?
21
Suppose 5*n - 5*u - 5 = n, 3*n = -2*u - 2. Suppose -14 = -n*k - k. Calculate the remainder when 25 is 